 = -n - 0*n + 2. Let r = n - -5. Calculate the highest common divisor of 77 and r.
7
Let x = -15 + 11. Let g be (7 + -1)*(-26)/x. Suppose -41 = -3*w - 3*u + 2*u, -u - 63 = -5*w. What is the greatest common divisor of w and g?
13
Let l = -90 + 135. Suppose 2*g = -g + l. Suppose -5*h + 11 = -4. What is the highest common divisor of g and h?
3
Let c(g) = -g**3 + g**2 + g. Let i be c(-3). What is the greatest common divisor of i and 3?
3
Let t be 5/15*(12 + 0). What is the highest common divisor of t and 6?
2
Suppose 30 = -4*z + 86. Suppose -k = k - 28. What is the highest common divisor of z and k?
14
Let z(j) = j**2 - 8*j - 23. Let c be z(12). Calculate the greatest common divisor of 5 and c.
5
Let u = 191 + -101. What is the greatest common factor of u and 10?
10
Suppose -2*s - 20 = -6*s. Calculate the highest common factor of 40 and s.
5
Let o(i) = -2*i**2 + 4*i**2 - 7*i - 3*i**2 + 6. Let q be o(-8). Let l be (11/q)/(2/(-8)). Calculate the highest common divisor of 11 and l.
11
Let y = 2 + 2. Suppose -5*u - 440 = -5*v + 115, y*v + 4*u = 420. What is the highest common divisor of v and 12?
12
Let i(z) = -z**2 + 7*z - 8. Let o be i(4). Suppose -3 = a, y + 15 = o*y - a. Calculate the greatest common factor of y and 20.
4
Let k = -20 + 42. Suppose 3*b - 35 = -2*j, 3*j - b - 102 = -33. Calculate the greatest common factor of j and k.
22
Let d(p) = -8*p - 3. Let x be 2/7 + (-38)/(-14). Suppose -3*m = 3 + x. Let z be d(m). What is the highest common factor of z and 65?
13
Suppose -a - 3*v = -2*v - 31, -179 = -5*a + v. Let l = a - 13. Let x be (-11)/(-1) + 0/(-1). Calculate the greatest common factor of l and x.
11
Let d be -2 + 0 + 1 + 21. Suppose -7*m + 2*m = -d. Suppose -4*q + 3*q = -m. Calculate the greatest common divisor of q and 36.
4
Let w be 6/(-21) - 114/(-7). Calculate the highest common factor of 32 and w.
16
Let q(d) be the third derivative of -d**6/120 - d**5/10 - d**4/6 + 7*d**3/6 - 4*d**2. Let o be q(-6). What is the greatest common factor of o and 62?
31
Suppose 2*o + 5*z = -13, 2*z - 2 + 3 = -5*o. What is the highest common factor of 1 and o?
1
Let k = -24 + 36. Let x = -5 - 7. Let s = x + 36. What is the highest common divisor of s and k?
12
Let u(w) = 3*w**2 + 4*w - 4. Let h be u(-4). Let m be 2 + 1 - 0/1. Let o(b) = -b + 7. Let s be o(m). Calculate the greatest common factor of s and h.
4
Let c = 18 - 10. Let i be 94/8 + (-1)/(-4). Calculate the greatest common factor of i and c.
4
Let t(j) = j**3 - 4*j**2 + j + 1. Let v be t(4). Suppose 0 = 2*h - 0 - 4. Let l(i) = 22*i + 1. Let x be l(h). What is the highest common factor of x and v?
5
Let i(r) = r**2 + r - 8. Let x be i(3). What is the highest common divisor of 2 and x?
2
Suppose -5*j = -17 - 28. Let z = -59 + 284. Suppose -4*b + z = b. What is the greatest common factor of j and b?
9
Suppose -5*f + 3 = 3*n - 1, 3*f = -5*n - 4. Let w = n + 7. Suppose -2*c = -3*h - 85, -4*h = 3*c - 105 + 20. What is the highest common divisor of w and c?
5
Suppose 3*f - 4*k - 29 - 32 = 0, -5*f - k = -71. Suppose -s + c - 1 = -f, -2*c = -3*s + 40. What is the highest common factor of 18 and s?
6
Let o = -16 + 48. Let t be 22*(3 + -2)*-1. Let k be (-4)/22 - 1764/t. What is the highest common factor of k and o?
16
Let l = -82 - -237. Calculate the highest common factor of 31 and l.
31
Let j = -32 - -41. Calculate the greatest common divisor of j and 36.
9
Let o = -2 - -114. What is the highest common divisor of o and 14?
14
Let c be -4 + 65 + (0 - 1). What is the highest common factor of c and 30?
30
Let g = 5 + 3. What is the highest common divisor of 24 and g?
8
Let y(h) = h + 6. Let x be y(-5). Let l(w) = -w**2 - 5*w + 2. Let o be l(-7). Let k = -5 - o. Calculate the highest common divisor of x and k.
1
Let l be (17/(-2))/((-1)/2). Calculate the highest common divisor of 85 and l.
17
Let r be (-22)/77 + (-1138)/(-14). Let q = -7 + 16. What is the highest common divisor of q and r?
9
Let a be 4 - (-2)/4*-2. Suppose 0 = -0*r - a*r + 15. Suppose p = r + 9. Calculate the highest common factor of 28 and p.
14
Suppose 3*k + 265 = -2*k. Let t = k + 93. Let j(p) = p**2 + 5. Let x be j(0). What is the greatest common divisor of t and x?
5
Let w = 738 - 495. Calculate the highest common divisor of 27 and w.
27
Let d be 0 - 0 - 0/(-2). Suppose -2*z + 43 = 5*f, d = -f - 2*z + 3 + 4. What is the greatest common factor of 99 and f?
9
Let g(h) = 7*h - 6. Let z be g(5). Suppose 4*s - 64 = -3*c, -4*s - 4*c = -3*s - z. Calculate the greatest common divisor of 13 and s.
13
Let h be ((18/3)/3)/1. Suppose 3 = 3*z + 3*i, -5*z - 2*i = -h*z - 8. Calculate the greatest common factor of 2 and z.
2
Suppose y + 0 - 15 = -n, -3*y - 5*n = -51. What is the highest common divisor of 108 and y?
12
Let x(g) = -g**2 + 1. Let v be x(1). Let q = v + 2. Suppose 11 = q*k - 1. Calculate the highest common factor of k and 24.
6
Suppose -v + 13 + 12 = -3*p, 3*v + 5*p = 19. Let o = -38 - 18. Let s = o + 95. What is the greatest common factor of v and s?
13
Let f = -11 + 20. Calculate the greatest common divisor of f and 99.
9
Suppose s = 5*w - 19, -s + w = -2*s + 11. What is the highest common divisor of s and 8?
2
Suppose 6 = -3*p, -2*s + 3*p = s - 30. Let t(b) = b**2 - b - 1. Let g be t(2). What is the highest common divisor of g and s?
1
Let o be (-6)/4*(-8)/6. Suppose -96 = -2*x + o*j + 28, 5*j - 10 = 0. Calculate the highest common factor of 8 and x.
8
Suppose 2622 = 6*i - 4*i. Let g be 8/(-28) - i/(-7). Calculate the highest common factor of 17 and g.
17
Suppose 4*a - 148 = 188. What is the greatest common divisor of a and 21?
21
Let y(f) = 2*f - 10. Let v be (0 + -2)/2*0. Suppose -36 = -4*d - 4*o, v = -3*o - 0 + 6. Let i be y(d). Calculate the highest common divisor of 8 and i.
4
Let k = 170 + -53. What is the highest common divisor of k and 13?
13
Suppose 3*s + 2*s = 3*p + 153, -5*s + 151 = -p. Calculate the highest common divisor of s and 12.
6
Let d be (-3)/24 - 165/(-40). What is the greatest common divisor of d and 4?
4
Let a be 6*(-1 + 2/6). Let d be (-118)/a - (-1)/2. What is the greatest common divisor of d and 6?
6
Let m be (-1 - 1) + 1224/9. Let q = m + -78. Calculate the greatest common divisor of q and 14.
14
Suppose 3*f - 36 = -3. Calculate the greatest common factor of f and 55.
11
Suppose 122 = 5*n - 78. What is the highest common divisor of 8 and n?
8
Let j(s) = -s - 7. Let f be j(-9). Suppose 0*v - v + t + 2 = 0, f*v - 3*t = 4. Let a be 79 - (-1 - (v + -2)). What is the greatest common factor of a and 20?
20
Let p be ((-1)/2)/(2/4). Let h = 12 + p. Suppose x - 19 = 80. What is the greatest common factor of x and h?
11
Suppose 6 = -3*p + 33. Let f be 27/((-1)/1*-1). What is the greatest common divisor of p and f?
9
Let y be 2/3 - 8/((-144)/2562). What is the greatest common divisor of 11 and y?
11
Suppose -8 = -7*k + 3*k. Suppose -w - k*w = 0. Let r be (-4 + w)/2*-5. What is the greatest common divisor of 2 and r?
2
Let m = 0 + 5. Suppose m*w = 345 - 135. Let z be w + -1 + 1 - -2. Calculate the highest common divisor of z and 11.
11
Let y(q) = -q**2 + q - 12. Let r be y(0). Let x be (8/r)/((-2)/3). What is the highest common factor of 2 and x?
1
Suppose 2*x = 18 + 2. Let q be (3 + (-20)/(-15) + -3)*15. Calculate the highest common divisor of q and x.
10
Suppose -3 = -3*p - f + 7, -2*p = -f - 15. Calculate the greatest common divisor of p and 35.
5
Let o(l) = -4*l. Let a be o(-3). What is the highest common divisor of 108 and a?
12
Let c be (4/(-6))/(1/(-30)). Let p = c + -8. Calculate the highest common factor of 36 and p.
12
Suppose -4*y = -y + 5*j - 15, -3*y = 3*j - 15. Suppose -a + 64 = 4*v, 0*a = 4*a. Let g be 27*(v/6 - 1). What is the greatest common divisor of g and y?
5
Suppose -62 = -4*w - 18. Let p = -3 - w. Let j = 25 + p. What is the greatest common divisor of 44 and j?
11
Suppose 1 = -5*d + 21. Suppose a + 0*a - 24 = 0. Let s = -16 + a. Calculate the greatest common divisor of s and d.
4
Let d be (36/9)/(4/30). Let h be (-14)/(-4)*(-84)/(-49). Calculate the greatest common divisor of d and h.
6
Suppose 3*r + 3 - 33 = 0. What is the greatest common divisor of 10 and r?
10
Suppose 0 = -8*n + 6 + 66. Calculate the greatest common divisor of n and 99.
9
Suppose -2*l + 38 + 82 = 0. Let s = 2 - -10. What 